{"id":26386,"date":"2015-05-05T09:43:03","date_gmt":"2015-05-05T08:43:03","guid":{"rendered":"http:\/\/cargad.com\/?page_id=26386"},"modified":"2018-01-24T17:52:01","modified_gmt":"2018-01-24T16:52:01","slug":"warhammer-ancient-battles","status":"publish","type":"page","link":"https:\/\/cargad.com\/index.php\/juegos\/warhammer-ancient-battles\/","title":{"rendered":"Warhammer Ancient Battles"},"content":{"rendered":"<p><a href=\"https:\/\/cargad.com\/wp-content\/uploads\/2015\/05\/warhammer-ancient-battles.gif\"><img loading=\"lazy\" decoding=\"async\" class=\"alignnone size-full wp-image-26387\" src=\"https:\/\/cargad.com\/wp-content\/uploads\/2015\/05\/warhammer-ancient-battles.gif\" alt=\"warhammer ancient battles\" width=\"510\" height=\"120\" \/><\/a><\/p>\n<p><strong>Warhammer Ancient Battles (Ingl\u00e9s)<\/strong><\/p>\n<ul>\n<li><a href=\"https:\/\/cargad.com\/pdf\/WarhammerAncientBattles\/WAB1Revised(EN)(2002).pdf\" target=\"_blank\" rel=\"noopener\">Reglamento WAB 1.5 <\/a>(2002)<\/li>\n<li><a href=\"https:\/\/cargad.com\/pdf\/WarhammerAncientBattles\/WAB2(EN)(2010).pdf\" target=\"_blank\" rel=\"noopener\">Reglamento WAB 2 <\/a>(2010)<\/li>\n<li><a href=\"https:\/\/cargad.com\/pdf\/WarhammerAncientBattles\/WABScenarios.pdf\" target=\"_blank\" rel=\"noopener\">Escenarios<\/a><\/li>\n<li><a href=\"https:\/\/cargad.com\/pdf\/WarhammerAncientBattles\/WAB(01)ArmiesofAntiquity(1999).pdf\" target=\"_blank\" rel=\"noopener\">Armies of Antiquity<\/a> (1999)<\/li>\n<li><a href=\"https:\/\/cargad.com\/pdf\/WarhammerAncientBattles\/WAB(02)Chariotwars(2000).pdf\" target=\"_blank\" rel=\"noopener\">Chariot Wars<\/a> (2000)<\/li>\n<li><a href=\"https:\/\/cargad.com\/pdf\/WarhammerAncientBattles\/WAB(03)Fallofthewest(2000).pdf\" target=\"_blank\" rel=\"noopener\">Fall of the West<\/a> (2000)<\/li>\n<li><a href=\"https:\/\/cargad.com\/pdf\/WarhammerAncientBattles\/WAB(04)Shieldwall(2002).pdf\" target=\"_blank\" rel=\"noopener\">Shieldwall<\/a> (2002)<\/li>\n<li><a href=\"https:\/\/cargad.com\/pdf\/WarhammerAncientBattles\/WAB(05)ElCid(2003).pdf\" target=\"_blank\" rel=\"noopener\">El Cid<\/a> (2003)<\/li>\n<li><a href=\"https:\/\/cargad.com\/pdf\/WarhammerAncientBattles\/WAB(06)AlexandertheGreat(2003).pdf\" target=\"_blank\" rel=\"noopener\">Alexander The Great<\/a> (2003)<\/li>\n<li><a href=\"https:\/\/cargad.com\/pdf\/WarhammerAncientBattles\/WAB(07)ArmiesofChivalry(2004).pdf\" target=\"_blank\" rel=\"noopener\">Armies of Chivalry<\/a> (2004)<\/li>\n<li><a href=\"https:\/\/cargad.com\/pdf\/WarhammerAncientBattles\/WAB(08)Spartacus(2004).pdf\" target=\"_blank\" rel=\"noopener\">Spartacus<\/a> (2004)<\/li>\n<li><a href=\"https:\/\/cargad.com\/pdf\/WarhammerAncientBattles\/WAB(09)ByzantiumBeyondthegoldengate(2005).pdf\" target=\"_blank\" rel=\"noopener\">Byzantium: Beyond the golden gate<\/a> (2005)<\/li>\n<li><a href=\"https:\/\/cargad.com\/pdf\/WarhammerAncientBattles\/WAB(10)HannibalandthePunicWars(2005).pdf\" target=\"_blank\" rel=\"noopener\">Hannibal and the Punic Wars<\/a> (2005)<\/li>\n<li>Vlad the Impaler<\/li>\n<li>The Art of War<\/li>\n<li>Age of Arthur<\/li>\n<li><a href=\"https:\/\/cargad.com\/pdf\/WarhammerAncientBattles\/WAB(14)Siege_Conquest(2007).pdf\" target=\"_blank\" rel=\"noopener\">Siege &amp; Conquest<\/a> (2007)<\/li>\n<\/ul>\n<p><strong>Warhammer Ancient Battles (Espa\u00f1ol; traducci\u00f3n de Jos\u00e9 Vilaseca)<\/strong><\/p>\n<ul>\n<li><a href=\"https:\/\/cargad.com\/pdf\/WarhammerAncientBattles\/WAB2(ES)(2010).pdf\" target=\"_blank\" rel=\"noopener\">Reglamento WAB 2 Castellano<\/a> (2010)<\/li>\n<li><a href=\"https:\/\/cargad.com\/pdf\/WarhammerAncientBattles\/WAB_ES_01_02_Armies_of_Antiquity_y_Chariot_Wars.pdf\" target=\"_blank\" rel=\"noopener\">Armies of Antiquity y Chariot Wars<\/a><\/li>\n<li><a href=\"https:\/\/cargad.com\/pdf\/WarhammerAncientBattles\/WAB_ES_02_Chariot_wars.pdf\" target=\"_blank\" rel=\"noopener\">Chariot Wars<\/a><\/li>\n<li><a href=\"https:\/\/cargad.com\/pdf\/WarhammerAncientBattles\/WAB_ES_03_Fall_of_the_west.pdf\" target=\"_blank\" rel=\"noopener\">Fall of the West<\/a><\/li>\n<li><a href=\"https:\/\/cargad.com\/pdf\/WarhammerAncientBattles\/WAB_ES_04_Shieldwall.pdf\" target=\"_blank\" rel=\"noopener\">Shieldwall<\/a><\/li>\n<li><a href=\"https:\/\/cargad.com\/pdf\/WarhammerAncientBattles\/WAB_ES_05_El_Cid.pdf\" target=\"_blank\" rel=\"noopener\">El Cid<\/a><\/li>\n<li><a href=\"https:\/\/cargad.com\/pdf\/WarhammerAncientBattles\/WAB_ES_06_Alexander_the_Great.pdf\" target=\"_blank\" rel=\"noopener\">Alexander the Great<\/a><\/li>\n<li><a href=\"https:\/\/cargad.com\/pdf\/WarhammerAncientBattles\/WAB_ES_07_Armies_of_Chivalry.pdf\" target=\"_blank\" rel=\"noopener\">Armies of Chivalry<\/a><\/li>\n<li><a href=\"https:\/\/cargad.com\/pdf\/WarhammerAncientBattles\/WAB_ES_08_Espartaco.pdf\" target=\"_blank\" rel=\"noopener\">Espartaco<\/a><\/li>\n<li><a href=\"https:\/\/cargad.com\/pdf\/WarhammerAncientBattles\/WAB_ES_09_Bizancio_Mas_alla_de_la_puerta_dorada.pdf\" target=\"_blank\" rel=\"noopener\">Bizancio: M\u00e1s all\u00e1 de la Puerta Dorada<\/a><\/li>\n<li><a href=\"https:\/\/cargad.com\/pdf\/WarhammerAncientBattles\/WAB_ES_10_Anibal_y_las_Guerras_Punicas.pdf\" target=\"_blank\" rel=\"noopener\">An\u00edbal y las Guerras P\u00fanicas<\/a><\/li>\n<\/ul>\n<p><strong>Warhammer Historical: Legends of the Old West<\/strong><\/p>\n<ul>\n<li><a href=\"https:\/\/cargad.com\/pdf\/WarhammerAncientBattles\/LegendsoftheOldWest\/Warhammer_-_Historical_Legends_of_the_Old_West.pdf\" target=\"_blank\" rel=\"noopener\">Legends of the Old West: Reglamento<\/a> (Ingl\u00e9s)<\/li>\n<li><a href=\"https:\/\/cargad.com\/pdf\/WarhammerAncientBattles\/LegendsoftheOldWest\/LegendsOldWest.pdf\" target=\"_blank\" rel=\"noopener\">Legends of the Old West: Reglamento<\/a> (Castellano)<\/li>\n<li><a href=\"https:\/\/cargad.com\/pdf\/WarhammerAncientBattles\/LegendsoftheOldWest\/LOTOW-Frontier(2005).pdf\" target=\"_blank\" rel=\"noopener\">Legends of the Old West: Frontier <\/a>(2005)<\/li>\n<li><a href=\"https:\/\/cargad.com\/pdf\/WarhammerAncientBattles\/LegendsoftheOldWest\/LOTOW-TheAlamo(2006).pdf\" target=\"_blank\" rel=\"noopener\">Legends of the Old West: The Alamo<\/a> (2006)<\/li>\n<\/ul>\n<p>M\u00e1s libros de <strong>Warhammer Historical<\/strong>&#8230;<\/p>\n<ul>\n<li><a href=\"https:\/\/cargad.com\/pdf\/WarhammerAncientBattles\/EnglishCivilWar\/WarhammerEnglishCivilWar(2002).pdf\" target=\"_blank\" rel=\"noopener\">Warhammer: English Civil War<\/a> (2002)<\/li>\n<li><a href=\"https:\/\/cargad.com\/pdf\/WarhammerAncientBattles\/Trafalgar\/WarhammerHistoricalTrafalgar.pdf\" target=\"_blank\" rel=\"noopener\">Trafalgar<\/a>\u00a0(2009)<\/li>\n<li>The Great War<\/li>\n<\/ul>\n<p><strong>NOTA<\/strong>. El\u00a0\u00a9 de todo este material es de <strong>Games Workshop<\/strong>. Lo hemos publicado \u00fanicamente porque este material est\u00e1 descatalogado y no supone ninguna p\u00e9rdida al propietario de la Propiedad Intelectual.<\/p>\n","protected":false},"excerpt":{"rendered":"<p>Warhammer Ancient Battles (Ingl\u00e9s) Reglamento WAB 1.5 (2002) Reglamento WAB 2 (2010) Escenarios Armies of Antiquity (1999) Chariot Wars (2000) Fall of the West (2000) Shieldwall (2002) El Cid (2003) Alexander The Great (2003) Armies of Chivalry (2004) Spartacus (2004) <a class=\"more-link\" href=\"https:\/\/cargad.com\/index.php\/juegos\/warhammer-ancient-battles\/\">Seguir leyendo <span class=\"screen-reader-text\">  Warhammer Ancient Battles<\/span><span class=\"meta-nav\">&rarr;<\/span><\/a><\/p>\n","protected":false},"author":3,"featured_media":0,"parent":9796,"menu_order":0,"comment_status":"open","ping_status":"open","template":"","meta":{"om_disable_all_campaigns":false,"_monsterinsights_skip_tracking":false,"_monsterinsights_sitenote_active":false,"_monsterinsights_sitenote_note":"","_monsterinsights_sitenote_category":0,"footnotes":""},"class_list":["post-26386","page","type-page","status-publish","hentry"],"jetpack_sharing_enabled":true,"jetpack_likes_enabled":true,"_links":{"self":[{"href":"https:\/\/cargad.com\/index.php\/wp-json\/wp\/v2\/pages\/26386","targetHints":{"allow":["GET"]}}],"collection":[{"href":"https:\/\/cargad.com\/index.php\/wp-json\/wp\/v2\/pages"}],"about":[{"href":"https:\/\/cargad.com\/index.php\/wp-json\/wp\/v2\/types\/page"}],"author":[{"embeddable":true,"href":"https:\/\/cargad.com\/index.php\/wp-json\/wp\/v2\/users\/3"}],"replies":[{"embeddable":true,"href":"https:\/\/cargad.com\/index.php\/wp-json\/wp\/v2\/comments?post=26386"}],"version-history":[{"count":12,"href":"https:\/\/cargad.com\/index.php\/wp-json\/wp\/v2\/pages\/26386\/revisions"}],"predecessor-version":[{"id":46203,"href":"https:\/\/cargad.com\/index.php\/wp-json\/wp\/v2\/pages\/26386\/revisions\/46203"}],"up":[{"embeddable":true,"href":"https:\/\/cargad.com\/index.php\/wp-json\/wp\/v2\/pages\/9796"}],"wp:attachment":[{"href":"https:\/\/cargad.com\/index.php\/wp-json\/wp\/v2\/media?parent=26386"}],"curies":[{"name":"wp","href":"https:\/\/api.w.org\/{rel}","templated":true}]}}