{"id":28914,"date":"2015-10-08T14:21:36","date_gmt":"2015-10-08T13:21:36","guid":{"rendered":"http:\/\/cargad.com\/?page_id=28914"},"modified":"2015-10-30T15:55:33","modified_gmt":"2015-10-30T14:55:33","slug":"batman","status":"publish","type":"page","link":"https:\/\/cargad.com\/index.php\/juegos\/batman\/","title":{"rendered":"Batman Miniature Game: Creaci\u00f3n de Bandas"},"content":{"rendered":"<p>Desde esta p\u00e1gina puedes acceder r\u00e1pidamente a los post donde se han ido publicando las listas de miniaturas de cada facci\u00f3n de Batman Miniature Game.<\/p>\n<ol>\n<li><a title=\"[BMG] Creaci\u00f3n de bandas: Introducci\u00f3n\" href=\"https:\/\/cargad.com\/index.php\/2015\/10\/07\/bmg-creacion-de-bandas-introduccion\/\">Introducci\u00f3n<\/a><\/li>\n<li><a title=\"[BMG] Creaci\u00f3n de bandas: Batman\" href=\"https:\/\/cargad.com\/index.php\/2015\/10\/08\/bmg-creacion-de-bandas-batman\/\">Batman<\/a><\/li>\n<li><a title=\"[BMG] Creaci\u00f3n de Bandas: Green Arrow\" href=\"https:\/\/cargad.com\/index.php\/2015\/10\/08\/bmg-creacion-de-bandas-green-arrow\/\">Green Arrow<\/a><\/li>\n<li><a title=\"[BMG] Creaci\u00f3n de Bandas: Fuerzas de la Ley\" href=\"https:\/\/cargad.com\/index.php\/2015\/10\/08\/bmg-creacion-de-bandas-fuerzas-de-la-ley\/\">Fuerzas de la Ley<\/a><\/li>\n<li><a title=\"[BMG] Creaci\u00f3n de bandas: La Liga de las Sombras\" href=\"https:\/\/cargad.com\/index.php\/2015\/10\/08\/bmg-creacion-de-bandas-la-liga-de-las-sombras\/\">Liga de las Sombras<\/a><\/li>\n<li><a title=\"[BMG] Creaci\u00f3n de Bandas: Bane\" href=\"https:\/\/cargad.com\/index.php\/2015\/10\/10\/bmg-creacion-de-bandas-bane\/\">Bane<\/a><\/li>\n<li><a title=\"[BMG] Creaci\u00f3n de bandas: Joker\" href=\"https:\/\/cargad.com\/index.php\/2015\/10\/13\/bmg-creacion-de-bandas-joker\/\">Joker<\/a><\/li>\n<li><a title=\"[BMG] Creaci\u00f3n de bandas: Black Mask\" href=\"https:\/\/cargad.com\/index.php\/2015\/10\/13\/bmg-creacion-de-bandas-black-mask\/\">Black Mask<\/a><\/li>\n<li><a title=\"[BMG] Creaci\u00f3n de bandas: Dos Caras\" href=\"https:\/\/cargad.com\/index.php\/2015\/10\/13\/bmg-creacion-de-bandas-dos-caras\/\">Dos Caras<\/a><\/li>\n<li><a title=\"[BMG] Creaci\u00f3n de bandas: Crimen Organizado\" href=\"https:\/\/cargad.com\/index.php\/2015\/10\/13\/bmg-creacion-de-bandas-crimen-organizado\/\">Crimen Organizado<\/a><\/li>\n<li><a title=\"[BMG] Creaci\u00f3n de bandas: Watchmen\" href=\"https:\/\/cargad.com\/index.php\/2015\/10\/14\/bmg-creacion-de-bandas-watchmen\/\">Watchmen<\/a><\/li>\n<li><a title=\"[BMG] Creaci\u00f3n de bandas: Poison Ivy\" href=\"https:\/\/cargad.com\/index.php\/2015\/10\/13\/bmg-creacion-de-bandas-poison-ivy\/\">Poison Ivy<\/a><\/li>\n<li><a title=\"[BMG] Creaci\u00f3n de bandas: La Corte de los B\u00fahos\" href=\"https:\/\/cargad.com\/index.php\/2015\/10\/14\/bmg-creacion-de-bandas-la-corte-de-los-buhos\/\">Corte de los B\u00fahos<\/a><\/li>\n<li><a title=\"[BMG] Creaci\u00f3n de bandas: Riddler\" href=\"https:\/\/cargad.com\/index.php\/2015\/10\/14\/bmg-creacion-de-bandas-riddler\/\">Riddler<\/a><\/li>\n<li><a title=\"[BMG] Creaci\u00f3n de Bandas: El Ping\u00fcino\" href=\"https:\/\/cargad.com\/index.php\/2015\/10\/14\/bmg-creacion-de-bandas-el-pinguino\/\">El Ping\u00fcino<\/a><\/li>\n<li><a title=\"[BMG] Creaci\u00f3n de bandas: Scarecrow\" href=\"https:\/\/cargad.com\/index.php\/2015\/10\/13\/bmg-creacion-de-bandas-scarecrow\/\">Scarecrow<\/a><\/li>\n<li><a title=\"[BMG] Creaci\u00f3n de bandas: Wonderland\" href=\"https:\/\/cargad.com\/index.php\/2015\/10\/14\/bmg-creacion-de-bandas-wonderland\/\">Wonderland Gang<\/a><\/li>\n<li><a title=\"[BMG] Creaci\u00f3n de bandas: LexCorp\" href=\"https:\/\/cargad.com\/index.php\/2015\/10\/27\/bmg-creacion-de-bandas-lexcorp\/\">LexCorp<\/a><\/li>\n<\/ol>\n","protected":false},"excerpt":{"rendered":"<p>Desde esta p\u00e1gina puedes acceder r\u00e1pidamente a los post donde se han ido publicando las listas de miniaturas de cada facci\u00f3n de Batman Miniature Game. Introducci\u00f3n Batman Green Arrow Fuerzas de la Ley Liga de las Sombras Bane Joker Black <a class=\"more-link\" href=\"https:\/\/cargad.com\/index.php\/juegos\/batman\/\">Seguir leyendo <span class=\"screen-reader-text\">  Batman Miniature Game: Creaci\u00f3n de Bandas<\/span><span class=\"meta-nav\">&rarr;<\/span><\/a><\/p>\n","protected":false},"author":2,"featured_media":0,"parent":9796,"menu_order":0,"comment_status":"open","ping_status":"open","template":"","meta":{"om_disable_all_campaigns":false,"_monsterinsights_skip_tracking":false,"_monsterinsights_sitenote_active":false,"_monsterinsights_sitenote_note":"","_monsterinsights_sitenote_category":0,"footnotes":""},"class_list":["post-28914","page","type-page","status-publish","hentry"],"jetpack_sharing_enabled":true,"jetpack_likes_enabled":true,"_links":{"self":[{"href":"https:\/\/cargad.com\/index.php\/wp-json\/wp\/v2\/pages\/28914","targetHints":{"allow":["GET"]}}],"collection":[{"href":"https:\/\/cargad.com\/index.php\/wp-json\/wp\/v2\/pages"}],"about":[{"href":"https:\/\/cargad.com\/index.php\/wp-json\/wp\/v2\/types\/page"}],"author":[{"embeddable":true,"href":"https:\/\/cargad.com\/index.php\/wp-json\/wp\/v2\/users\/2"}],"replies":[{"embeddable":true,"href":"https:\/\/cargad.com\/index.php\/wp-json\/wp\/v2\/comments?post=28914"}],"version-history":[{"count":22,"href":"https:\/\/cargad.com\/index.php\/wp-json\/wp\/v2\/pages\/28914\/revisions"}],"predecessor-version":[{"id":29504,"href":"https:\/\/cargad.com\/index.php\/wp-json\/wp\/v2\/pages\/28914\/revisions\/29504"}],"up":[{"embeddable":true,"href":"https:\/\/cargad.com\/index.php\/wp-json\/wp\/v2\/pages\/9796"}],"wp:attachment":[{"href":"https:\/\/cargad.com\/index.php\/wp-json\/wp\/v2\/media?parent=28914"}],"curies":[{"name":"wp","href":"https:\/\/api.w.org\/{rel}","templated":true}]}}